{"id":229,"date":"2015-03-16T22:00:58","date_gmt":"2015-03-16T21:00:58","guid":{"rendered":"http:\/\/www.rr-sanjo.de\/neu\/?page_id=229"},"modified":"2017-05-23T15:47:46","modified_gmt":"2017-05-23T13:47:46","slug":"baghira-ben-cabo-ekundu-mawindo","status":"publish","type":"page","link":"https:\/\/www.mavinga.de\/?page_id=229","title":{"rendered":"BAGHIRA BEN CABO EKUNDU MAWINDO"},"content":{"rendered":"<p><img loading=\"lazy\" class=\"size-medium wp-image-250 alignright\" src=\"http:\/\/www.rr-sanjo.de\/wp-content\/uploads\/1.3-1-von-1-226x300.jpg\" alt=\"1.3 (1 von 1)\" width=\"226\" height=\"300\" srcset=\"https:\/\/www.mavinga.de\/wp-content\/uploads\/1.3-1-von-1-226x300.jpg 226w, https:\/\/www.mavinga.de\/wp-content\/uploads\/1.3-1-von-1-771x1024.jpg 771w, https:\/\/www.mavinga.de\/wp-content\/uploads\/1.3-1-von-1.jpg 1213w\" sizes=\"(max-width: 226px) 100vw, 226px\" \/><\/p>\n<p>* 03.04.1998 &#8211; 30.12.2009<\/p>\n<p>Baghira wurde im Kennel : Ekundu Mawindo von Fred Krause geboren. Er wuchs mit seinen 11 Geschwistern auf, von denen die meisten damals zur Jagd eingesetzt wurden. Der Vater von Baghira &#8211; Gabaza\u00b4s Cabo findet sich auch im Pedigree unseres Sanjo wieder ( Cabo ist der Urgro\u00dfvater m\u00fctterlicherseits von Sanjo ). Er bestach durch seine Urspr\u00fcnglichkeit, seine alte afrikanische Vorfahren.<br \/>\nBaghira wuchs mit Birte auf, seine hei\u00dfgeliebte Nachbars-H\u00fcndin, eine Golden &#8211; Retriever Dame. Sie waren in etwa gleichalt und erlebten so einiges miteinander. Meistens nur Bl\u00f6dsinn. Sie wuchsen gemeinsam auf und wurden gemeinsam \u00e4lter&#8230;und \u00e4lter. Bis Baghira schlie\u00dflich im Alter von 11,5 Jahren an Krebs erkrankte und wir ihn \u00fcber die Regenbogenbr\u00fccke gehen lassen mussten. Birte litt und trauerte sehr, jedoch durfte sie ihr Frauchen noch ein wenig l\u00e4nger begleiten &#8211; sie starb im stolzen Alter von 16 Jahren an Altersschw\u00e4che.<\/p>\n<p>Baghira erlebte einige Reisen- er lernte D\u00e4nemark, \u00d6sterreich, Holland, Tschechien und auch Spanien kennen. Solange seine Familie, sein Rudel dabei war, war f\u00fcr ihn die Welt in Ordnung.<br \/>\nEr liebte den Strand, den Sand und das Meer. Riesengrosse L\u00f6cher zu Buddeln und das M\u00e4usschen zu suchen waren seine Passion..<\/p>\n<p>Sein wunderbares Wesen zeigte sich, als Jochens Sohn, Janik geboren wurde. Baghira war stets freundlich und sanft im Umgang. Wir liebten sein Wesen, von daher freuten wir uns sehr, dass auch\u00a0Sanjo diese Linien in sich tragen w\u00fcrde.<\/p>\n<p>Alles in einem war er eine urpsr\u00fcngliche, aber unheimlich treue Seele.<\/p>\n<p>&nbsp;<\/p>\n<p>Wir werden ihn niemals vergessen und sind stolz, dass er ein Teil von uns war.<\/p>\n<p><img loading=\"lazy\" class=\"size-medium wp-image-252 alignright\" src=\"http:\/\/www.rr-sanjo.de\/wp-content\/uploads\/1.1-2-von-11-300x226.jpg\" alt=\"1.1 (2 von 1)\" width=\"300\" height=\"226\" srcset=\"https:\/\/www.mavinga.de\/wp-content\/uploads\/1.1-2-von-11-300x226.jpg 300w, https:\/\/www.mavinga.de\/wp-content\/uploads\/1.1-2-von-11-1024x771.jpg 1024w, https:\/\/www.mavinga.de\/wp-content\/uploads\/1.1-2-von-11.jpg 1790w\" sizes=\"(max-width: 300px) 100vw, 300px\" \/><\/p>\n<p><img loading=\"lazy\" class=\"size-medium wp-image-251 alignleft\" src=\"http:\/\/www.rr-sanjo.de\/wp-content\/uploads\/1.2-1-von-1-300x225.jpg\" alt=\"1.2 (1 von 1)\" width=\"300\" height=\"225\" srcset=\"https:\/\/www.mavinga.de\/wp-content\/uploads\/1.2-1-von-1-300x225.jpg 300w, https:\/\/www.mavinga.de\/wp-content\/uploads\/1.2-1-von-1-1024x768.jpg 1024w, https:\/\/www.mavinga.de\/wp-content\/uploads\/1.2-1-von-1.jpg 1600w\" sizes=\"(max-width: 300px) 100vw, 300px\" \/><\/p>\n<p><img loading=\"lazy\" class=\"size-medium wp-image-248 alignleft\" src=\"http:\/\/www.rr-sanjo.de\/wp-content\/uploads\/gr\u00fcn2-2-von-1-300x226.jpg\" alt=\"Baghira\" width=\"300\" height=\"226\" srcset=\"https:\/\/www.mavinga.de\/wp-content\/uploads\/gr\u00fcn2-2-von-1-300x226.jpg 300w, https:\/\/www.mavinga.de\/wp-content\/uploads\/gr\u00fcn2-2-von-1-1024x771.jpg 1024w, https:\/\/www.mavinga.de\/wp-content\/uploads\/gr\u00fcn2-2-von-1.jpg 1581w\" sizes=\"(max-width: 300px) 100vw, 300px\" \/><\/p>\n<p><img loading=\"lazy\" class=\"size-medium wp-image-249 alignright\" src=\"http:\/\/www.rr-sanjo.de\/wp-content\/uploads\/1.5-1-von-1-300x226.jpg\" alt=\"1.5 (1 von 1)\" width=\"300\" height=\"226\" srcset=\"https:\/\/www.mavinga.de\/wp-content\/uploads\/1.5-1-von-1-300x226.jpg 300w, https:\/\/www.mavinga.de\/wp-content\/uploads\/1.5-1-von-1-1024x771.jpg 1024w\" sizes=\"(max-width: 300px) 100vw, 300px\" \/><\/p>\n","protected":false},"excerpt":{"rendered":"<p>* 03.04.1998 &#8211; 30.12.2009 Baghira wurde im Kennel : Ekundu Mawindo von Fred Krause geboren. Er wuchs mit seinen 11 Geschwistern auf, von denen die meisten damals zur Jagd eingesetzt wurden. Der Vater von Baghira &#8211; Gabaza\u00b4s Cabo findet sich auch im Pedigree unseres Sanjo wieder ( Cabo ist der Urgro\u00dfvater m\u00fctterlicherseits von Sanjo ). &hellip; <a href=\"https:\/\/www.mavinga.de\/?page_id=229\" class=\"more-link\"><span class=\"screen-reader-text\">BAGHIRA BEN CABO EKUNDU MAWINDO<\/span> weiterlesen <span class=\"meta-nav\">&rarr;<\/span><\/a><\/p>\n","protected":false},"author":1,"featured_media":0,"parent":0,"menu_order":0,"comment_status":"closed","ping_status":"open","template":"","meta":[],"_links":{"self":[{"href":"https:\/\/www.mavinga.de\/index.php?rest_route=\/wp\/v2\/pages\/229"}],"collection":[{"href":"https:\/\/www.mavinga.de\/index.php?rest_route=\/wp\/v2\/pages"}],"about":[{"href":"https:\/\/www.mavinga.de\/index.php?rest_route=\/wp\/v2\/types\/page"}],"author":[{"embeddable":true,"href":"https:\/\/www.mavinga.de\/index.php?rest_route=\/wp\/v2\/users\/1"}],"replies":[{"embeddable":true,"href":"https:\/\/www.mavinga.de\/index.php?rest_route=%2Fwp%2Fv2%2Fcomments&post=229"}],"version-history":[{"count":13,"href":"https:\/\/www.mavinga.de\/index.php?rest_route=\/wp\/v2\/pages\/229\/revisions"}],"predecessor-version":[{"id":802,"href":"https:\/\/www.mavinga.de\/index.php?rest_route=\/wp\/v2\/pages\/229\/revisions\/802"}],"wp:attachment":[{"href":"https:\/\/www.mavinga.de\/index.php?rest_route=%2Fwp%2Fv2%2Fmedia&parent=229"}],"curies":[{"name":"wp","href":"https:\/\/api.w.org\/{rel}","templated":true}]}}